, -3*n = 0. Let y = 172 - t. What is the greatest common factor of y and 153?
17
Let p be (-4)/(14 - 58821/4200). What is the greatest common factor of 300 and p?
100
Let l = 6203 - 6003. Calculate the greatest common factor of l and 425.
25
Let c = -22 + 41. Let t be (-94)/(-18) - 2/9. Suppose t*i = 25, 5*q - i = -4*i + 1060. What is the highest common factor of c and q?
19
Let y(c) = c**3 - 2*c**2 - 4*c. Let g be y(-3). Suppose -2*q = -u + 3*q - 22, 137 = -5*u - 2*q. Let s = u - g. Calculate the greatest common factor of s and 66.
6
Let b(o) = 5*o + 39. Let r be b(-7). Suppose -4*v - v + 2*u + 118 = 0, 0 = -3*v - r*u + 76. What is the greatest common divisor of v and 132?
12
Suppose 0 = -3*f + 7*f - 1216. Suppose -10 = 2*t, 2*t = -5*j - 111 + 196. What is the greatest common factor of j and f?
19
Let m be -2*2 - (-9 - -5). Suppose 8*h + m*h = 24. Suppose 135 = h*i + 105. Calculate the highest common factor of i and 90.
10
Let b = -4261 + 4756. Calculate the greatest common divisor of b and 5280.
165
Suppose 65 = 2*v - 5*r, 8*v - 13*v + r = -220. Suppose -2*g = -5*s + 51, -3*s + 7 - 82 = 2*g. Let u = v + g. What is the highest common factor of u and 228?
12
Suppose -5*c - 34 + 87 = z, -41 = -z - 2*c. Suppose b + 3*b = 0. Suppose b = 6*l - l - 55. What is the highest common divisor of l and z?
11
Let f(j) = -6*j**2 - 4*j + 1. Let v be f(-4). Let p = v - -181. What is the greatest common divisor of p and 34?
34
Let r be ((-46)/(-5))/(106/795). What is the highest common divisor of r and 6969?
69
Let m(q) = 2*q**3 - 11*q**2. Let c be m(7). Let s = -12 + c. Suppose -5*j + 60 = -j. Calculate the highest common divisor of s and j.
15
Let g(k) = -k**3 + 6*k**2 + 41*k - 150. Let t be g(7). Calculate the greatest common factor of 1034 and t.
22
Let c be 3*12/20 - (-77704)/220. What is the greatest common factor of 71 and c?
71
Let v(y) = 5*y - 3*y + 155 + y**2 - 136 - 2*y. Let m be v(-6). Calculate the greatest common factor of m and 88.
11
Suppose -20*c - 67*c = -57420. What is the highest common divisor of c and 2580?
60
Suppose 87*h = 220*h - 24605. Calculate the highest common factor of h and 1184.
37
Let u(z) = 2*z**2 - 11*z - 10. Let o be u(7). Suppose 0 = -5*a + o - 36. Let p be ((-15)/2)/a*8/6. Calculate the highest common divisor of p and 14.
2
Let n = -3600 - -4559. Calculate the highest common divisor of n and 822.
137
Suppose -913 = -7*i + 375. Suppose -1196 = -13*f - 299. What is the greatest common factor of i and f?
23
Suppose 58 = -0*w + w. Let x be (-1)/(15/420*-7). What is the highest common divisor of w and x?
2
Let h be (18 - 16)*6/4. Suppose -98 = -h*c - 5. Let g = -29 + c. Calculate the highest common divisor of 8 and g.
2
Let t be 2 + (4 - 2) + -2. Let c(m) be the second derivative of 13*m**3/6 - m**2/2 + 2*m - 24. Let u be c(t). What is the highest common divisor of u and 225?
25
Let v be 200/(-14) + (-10)/(-35) + 0. Let b be ((-4)/v)/(56/784). Let a be 230/3 - 6/9. Calculate the highest common factor of b and a.
4
Let p(g) = 15*g**2 + 71*g + 14. Let l be p(-5). What is the highest common factor of l and 272?
34
Let b = 35 + -33. Suppose 4*x - 169 - 181 = -3*i, -i + b*x + 110 = 0. Suppose 5*z - i = 2*z. Calculate the greatest common divisor of z and 266.
38
Suppose k + 238 = 223*s - 218*s, 5*s = -k + 242. Calculate the greatest common divisor of 1296 and s.
48
Suppose 3*w = 47 + 25. Let t = 285 - 280. Suppose 0 = t*d - 16 - 14. What is the greatest common factor of d and w?
6
Let q be (-62545)/(-42)*356/20 + 2/(-12). Calculate the greatest common divisor of q and 26.
13
Let n = -16350 - -30740. What is the highest common factor of 10 and n?
10
Suppose -618 = -4*n + 2*h, 5*n - 3*h + 0*h - 770 = 0. Suppose -31*x + n = -339. What is the greatest common factor of x and 16?
16
Let s = 40 - -617. Let v = 714 - s. What is the greatest common divisor of 95 and v?
19
Suppose 10 = 2*i, 7*z - 2*z = -4*i + 230. Let c = -106 + 106. Suppose c*t + 9*t - 567 = 0. Calculate the highest common factor of t and z.
21
Suppose -2*y + 9 = -19. Let l = -19744 + 20430. Calculate the greatest common factor of l and y.
14
Suppose 474 = 18*t - 984. Suppose 19*o = 603 + t. What is the highest common factor of o and 4?
4
Suppose -2 = 2*z + 5*g, -4*g = 3*z - 0*g - 4. Let s(t) = -t**3 + 6*t**2 + 3*t - 12. Let a be s(z). Calculate the highest common divisor of 56 and a.
8
Let k be (297/(-55))/((-15)/100). What is the highest common factor of 248 and k?
4
Let b(h) = -h**2 + 36*h + 718. Let q be b(47). Calculate the greatest common factor of q and 15.
3
Let j = 38 + -30. Suppose -j*x + 2*x + 126 = 0. Suppose 85 = a + x. What is the highest common divisor of 8 and a?
8
Let s(n) = -n**2 + 3*n + 24. Suppose 9*y = 4*y + 60. Let b = -12 + y. Let j be s(b). What is the greatest common divisor of 32 and j?
8
Suppose 5*i + 5*x - 5 = 0, -7 = 3*i - 5*i + 3*x. Let n = 978 - 856. What is the greatest common factor of n and i?
2
Suppose 0 = 3*r - i - 148, -5*r + 0*r + 244 = i. Suppose -484*o + 2374 = 13*o - 1105. What is the highest common divisor of o and r?
7
Let s = 385 + -207. Suppose 168*f = s*f - 1820. What is the greatest common factor of f and 7?
7
Suppose 10844 = -5*t + 22804. What is the highest common factor of t and 1472?
184
Let g be (-12)/(-42)*(6 - -1). Suppose -g*a - a = -4*c - 51, -4*a + 2*c = -68. Suppose -428*z + 440*z - 612 = 0. What is the highest common factor of z and a?
17
Suppose -54*w + 51*w + 114 = 0. Suppose -3*y = -5*c + 237, -2*c - y - w + 135 = 0. What is the highest common factor of c and 6?
6
Suppose -360 = 5*x + 465. Let q be (-5657)/(-15) - (-22)/x. What is the highest common divisor of q and 29?
29
Let o(x) = -8*x**2 + 4*x + 594. Let c be o(0). Calculate the highest common divisor of c and 162.
54
Suppose 2*s + k = -4*k - 1356, -12 = 3*k. Let r = s - -679. Let x(a) = a**3 + 8*a**2 + 5*a - 3. Let t be x(-7). Calculate the greatest common factor of t and r.
11
Suppose -61*u + 21*u + 10864 = 57*u. What is the greatest common divisor of 7424 and u?
16
Suppose -230680 = 48*o - 67*o + 79153. Calculate the greatest common divisor of o and 23.
23
Let p = 7933 - 1803. Calculate the highest common divisor of 2 and p.
2
Suppose 0 = 280*a - 808*a + 600360 + 353208. What is the greatest common divisor of a and 645?
129
Let t(r) = 2*r**2 - 56*r + 681. Let d be t(12). Calculate the highest common divisor of 171 and d.
9
Let s = 34019 + -33765. Calculate the greatest common factor of 11938 and s.
254
Let v = 145 + 237. Let l = v - 359. What is the highest common factor of l and 2?
1
Let y = 181 + -126. Suppose 54*j - y*j = -43. Let b = 69 - j. What is the greatest common divisor of 13 and b?
13
Let z be ((-44)/16 + 2/(-8))*-1. Suppose z*b + b + 4*g = 20, 3 = -b - 5*g. Suppose -3*f + 23 + b = 0. What is the highest common divisor of 50 and f?
10
Suppose -4*h + 1095 = v, 3*h = -10*v + 12*v + 813. Calculate the greatest common divisor of h and 1599.
39
Let f = 20 - -12. Suppose v - 2*d - 64 - 42 = 0, -3*v = d - 339. What is the greatest common factor of f and v?
16
Let d(m) = 25*m**3 - 4*m**2 + 2*m + 5. Let r be d(2). What is the highest common divisor of r and 11387?
193
Suppose -3*n + 5*o = -92, -3*o = 2*n - 5*n + 84. Let s = 243 + -111. Suppose -8*d + s + 1212 = 0. Calculate the greatest common divisor of n and d.
24
Let z(p) = 249*p**2 - 3*p - 10. Let v be z(4). What is the greatest common divisor of v and 14?
14
Suppose 208*m + 7703 = 51591. Calculate the greatest common factor of 28907 and m.
211
Suppose 0 = -3*k + 7*r - 8*r + 858, 5*r + 286 = k. Calculate the highest common factor of 8034 and k.
26
Suppose 0 = -308*m + 4473 - 3241. Suppose -4*j + 571 = -1077. Calculate the highest common factor of j and m.
4
Let w(v) be the first derivative of v**2/2 + 79*v - 20. Let q be w(-23). Let b = -3 - -19. What is the highest common factor of b and q?
8
Let a(u) = 91*u + 830. Let m be a(-9). What is the greatest common factor of m and 2629?
11
Suppose -4*y + 3*o + 15884 = 0, -3*y - 155*o + 11908 = -156*o. What is the greatest common divisor of 1116 and y?
124
Let i(c) = 50*c - 316. Let x be i(7). What is the greatest common divisor of 1887 and x?
17
Let p(s) = 146*s**2 - s. Let o be p(1). Suppose -40*f + 4093 = 613. What is the greatest common factor of o